mber?
False
Is 6771533 a prime number?
True
Is 700345 a prime number?
False
Is 226768147 a prime number?
True
Is 14148829 a composite number?
False
Is 1288709 a composite number?
False
Is 621001787 composite?
True
Is 3243869 a composite number?
True
Is 2209169 prime?
True
Is 14771423 prime?
False
Is 12502639 prime?
False
Is 9965053 a prime number?
False
Is 4440797 a prime number?
True
Is 94614047 a composite number?
True
Is 2557183 prime?
False
Is 3029359 prime?
True
Is 86339983 composite?
True
Is 3742603 prime?
False
Is 78686411 a composite number?
False
Is 21062297 composite?
False
Is 1879543 a composite number?
False
Is 3357505 a prime number?
False
Is 1576943 a prime number?
False
Is 5008345 a prime number?
False
Is 1625693 a composite number?
True
Is 2931979 composite?
True
Is 26502817 composite?
True
Is 229263 a prime number?
False
Is 34212971 prime?
False
Is 97997837 a composite number?
True
Is 35810821 a prime number?
True
Is 17259409 a composite number?
False
Is 520631 prime?
True
Is 1437701 a prime number?
False
Is 40177633 a prime number?
False
Is 24415591 composite?
False
Is 1147781 a prime number?
False
Is 2294977 a composite number?
False
Is 58657 a composite number?
False
Is 627631 composite?
True
Is 331730341 prime?
True
Is 2481749 a composite number?
False
Is 33940937 a prime number?
False
Is 3101141 a composite number?
False
Is 720503 a prime number?
False
Is 2583437 a prime number?
True
Is 5706079 a prime number?
True
Is 5106215 a composite number?
True
Is 40744541 a prime number?
True
Is 78601 a composite number?
True
Is 3599821 composite?
False
Is 6190259 composite?
False
Is 7428415 a prime number?
False
Is 15010747 composite?
True
Is 1608097 a prime number?
False
Is 43711295 a prime number?
False
Is 19763719 a composite number?
False
Is 1821541 a composite number?
False
Is 40202159 a prime number?
True
Is 21846047 a prime number?
True
Is 999358309 a prime number?
True
Is 4482122 prime?
False
Is 29236541 composite?
False
Is 849523 composite?
False
Is 2094473 composite?
False
Is 33330281 prime?
True
Is 165268643 a composite number?
True
Is 77985067 prime?
True
Is 5462401 a composite number?
True
Is 4909027 composite?
False
Is 69123911 a composite number?
False
Is 48885563 a prime number?
False
Is 598055 prime?
False
Is 539698553 a prime number?
False
Is 11645497 composite?
False
Is 1303849 prime?
False
Is 22901911 a prime number?
True
Is 44798569 a prime number?
True
Is 592795993 composite?
False
Is 211169483 prime?
False
Is 328529 a prime number?
False
Is 87301551 prime?
False
Is 38066878 a composite number?
True
Is 21742793 a composite number?
False
Is 16251007 a composite number?
False
Is 1370537 prime?
False
Is 5298173 composite?
False
Is 35913151 composite?
False
Is 1700513 composite?
False
Is 30659683 a composite number?
False
Is 21863207 a composite number?
True
Is 2637179 composite?
True
Is 87435013 a composite number?
False
Is 10325803 prime?
False
Is 153662321 prime?
False
Is 1799449 a composite number?
True
Is 15597539 a prime number?
True
Is 3737933 prime?
True
Is 2816153 a prime number?
False
Is 1696649 a prime number?
True
Is 25375951 a prime number?
False
Is 308093207 prime?
True
Is 71711933 a prime number?
False
Is 2928173 a prime number?
True
Is 662087123 a composite number?
False
Is 2642253 prime?
False
Is 220588679 a prime number?
True
Is 1300321 a composite number?
True
Is 4474541 a prime number?
False
Is 2363755 composite?
True
Is 27281123 composite?
True
Is 19182967 a composite number?
False
Is 39455849 prime?
True
Is 111267505 prime?
False
Is 1084700383 prime?
False
Is 306515021 composite?
True
Is 21359587 a prime number?
True
Is 15330633 prime?
False
Is 93525259 a composite number?
False
Is 12976681 a composite number?
False
Is 34663933 composite?
True
Is 1302313 a prime number?
True
Is 7901 prime?
True
Is 1770617 composite?
False
Is 172267 prime?
False
Is 21019457 prime?
False
Is 27005269 a composite number?
True
Is 37455401 prime?
False
Is 4206827 a composite number?
True
Is 26948891 prime?
True
Is 89264839 a prime number?
True
Is 78196087 composite?
False
Is 48659669 a prime number?
False
Is 3643327 composite?
True
Is 26748347 a composite number?
False
Is 858643 composite?
True
Is 85310201 a prime number?
True
Is 346346051 prime?
False
Is 343183193 prime?
True
Is 6203423 prime?
False
Is 125407093 a prime number?
False
Is 5613459 a prime number?
False
Is 5776621 prime?
False
Is 276035989 a prime number?
False
Is 3487661 a composite number?
False
Is 3056821 composite?
True
Is 116261591 a composite number?
False
Is 63466649 a composite number?
False
Is 45786847 a composite number?
False
Is 17346761 a composite number?
True
Is 186800807 a composite number?
True
Is 955363 prime?
True
Is 3704845 prime?
False
Is 2065241 a composite number?
False
Is 6446609 a prime number?
False
Is 176050799 prime?
True
Is 177263039 prime?
False
Is 30759779 composite?
False
Is 3992213 a composite number?
False
Is 8564443 prime?
False
Is 3031519 prime?
True
Is 6448511 a composite number?
False
Is 12941015 prime?
False
Is 55841603 a composite number?
True
Is 566381 a composite number?
True
Is 6772771 prime?
True
Is 124082789 composite?
False
Is 11018027 a prime number?
True
Is 101908553 composite?
True
Is 674413 composite?
True
Is 257301973 prime?
False
Is 64510429 composite?
True
Is 1483219 composite?
True
Is 271151 prime?
False
Is 60255143 a composite number?
True
Is 251981 composite?
True
Is 5373755 a composite number?
True
Is 1100107 composite?
True
Is 117582859 a composite number?
True
Is 9189878 a composite number?
True
Is 18291671 prime?
True
Is 2975961787 a composite number?
False
Is 186702563 prime?
True
Is 52341298 a composite number?
True
Is 7643213 a composite number?
False
Is 2264149 a composite number?
False
Is 10024511 composite?
True
Is 2548751 a composite number?
False
Is 46759397 prime?
False
Is 2556635 composite?
True
Is 2478153621 a prime number?
False
Is 18377602 prime?
False
Is 39198697 a composite number?
True
Is 6407306 a prime number?
False
Is 5344133 a composite number?
True
Is 21207943 a composite number?
True
Is 640793621 prime?
False
Is 9054742 composite?
True
Is 2026223 prime?
True
Is 28111 prime?
True
Is 34374467 prime?
False
Is 527265311 a prime number?
True
Is 446057 composite?
True
Is 156386563 a prime number?
False
Is 95628937 prime?
False
Is 24021863 a composite number?
True
Is 154987109 composite?
True
Is 289269605 prime?
False
Is 14124223 a prime number?
False
Is 51906979 a composite number?
False
Is 4126258 a composite number?
True
Is 4240909 prime?
True
Is 26597447 a prime number?
True
Is 1332833 a composite number?
False
Is 617189 a composite number?
False
Is 15930073 prime?
True
Is 2116757 prime?
True
Is 34926037 prime?
False
Is 220513301 prime?
False
Is 280838387 a prime number?
True
Is 17852378 a prime number?
False
Is 13965139 composite?
False
Is 6236143 a prime number?
False
Is 639281 a composite number?
True
Is 3745519 prime?
True
Is 10876003 a prime number?
True
Is 787517155 a composite number?
True
Is 96812897 composite?
True
Is 302523701 a prime number?
False
Is 381246779 a composite number?
True
Is 105286787 prime?
True
Is 1024992173 a prime number?
True
Is 203197 a prime number?
False
Is 46424479 a prime number?
True
Is 128985523 composite?
False
Is 47257369 a composite number?
False
Is 91203023 prime?
False
Is 13267713 a composite number?
True
Is 674053 composite?
True
Is 87498121 a composite number?
True
Is 36078409 prime?
True
Is 375667 composite?
False
Is 704068571 prime?
False
Is 20496977 composite?
False
Is 6247519 composite?
False
Is 843607 composite?
False
Is 192996481 composite?
False
Is 32633819 prime?
False
Is 20823553 composite?
False
Is 18418019 a prime number?
True
Is 19213745 a prime number?
False
Is 804998035 a prime number?
False
Is 20003149 a prime number?
True
Is 63744803 a composite number?
False
Is 29611147 composite?
True
Is 992087 composite?
False
Is 325919 composite?
True
Is 88896121 prime?
False
Is 378325219 a prime number?
True
Is 12601321 composite?
True
Is 278231347 a composite number?
True
Is 159063013 a composite number?
True
Is 54404821 composite?
True
Is 332029 prime?
False
Is 7794499 a prime number?
False
Is 262069 a composite number?
